vative of m**3/2 - m. Let w(y) = -11*y - y**3 - 69*y**2 + 78*y**2 + 22 + 0*y. Let x be w(8). What is z(x)?
-6
Let x be -10 + -10*(-4)/8 - 1. Let v(u) = u**3 + 5*u**2 + 14. Calculate v(x).
-22
Let c(b) be the first derivative of 7/2*b**2 - 1/4*b**4 + 6*b + 2*b**3 + 8. Calculate c(7).
6
Suppose -7*q - 14 = -7. Let p(s) = 5*s. What is p(q)?
-5
Let l = -136 + 133. Let p(f) = f**2 + 3*f - 1. Determine p(l).
-1
Let x(m) = -13*m**2 - 21*m - 18. Let o(i) = -5*i**2 - 11*i - 9. Let n(v) = -5*o(v) + 2*x(v). Determine n(11).
31
Let k(y) be the third derivative of 13*y**7/840 + y**6/360 + y**5/120 - y**4/24 + 2*y**3 - y**2. Let n(i) be the first derivative of k(i). Give n(1).
14
Let d(q) = q**3 + 22*q**2 - 3*q - 21. Let m(j) = -j**3 - 23*j**2 + 4*j + 20. Let k(l) = -3*d(l) - 2*m(l). Determine k(-20).
3
Suppose 0 = -d - 47 + 50. Suppose 4*p - 21 = -y, d*y - 37 = -4*p - 6. Let u(z) = z**2 - 2*z + 5. Give u(p).
13
Let q(m) be the first derivative of -1/2*m**2 - 1/3*m**3 + 0*m + 2. Suppose -4*j + 5*j = 0. What is q(j)?
0
Let a(r) = 3*r**3 - 2*r**2 + 6. Let y(b) = 16*b**3 - 10*b**2 - b + 31. Let v(z) = -11*a(z) + 2*y(z). Calculate v(3).
-19
Let r(p) = -3*p - 1. Suppose -o = 5*y - 96, -100 = -5*y - 6*o + o. Suppose 0 = 6*m + y + 17. Determine r(m).
17
Let i(c) = -c - 8. Let g = -34 - -24. Let v be i(g). Let d(k) = 12 - 3*k**2 + 2*k**2 - 13. Determine d(v).
-5
Let s(m) = -12*m + 37. Let v(d) = 4*d - 13. Let c(l) = -3*s(l) - 8*v(l). Give c(-5).
-27
Let s(b) = -2*b + 0*b + 4 + b + 4. Let h be s(8). Let q(g) = -5 + g**2 + 0*g**2 + 37*g - 32*g + h*g**2. Determine q(-5).
-5
Let v(o) = -o**3 - o**2. Suppose -41*z = -42*z + 1. Let s(x) = -3*x**3 - 9*x**2 - 8*x - 9. Let r(d) = z*s(d) - 2*v(d). Give r(-6).
3
Let n(v) = -v - 1. Suppose 26 = -3*f + q - 35, -4*f = q + 79. Let r = 17 + f. Let b = r + -4. Calculate n(b).
6
Let b = 110 + -117. Let x(q) = q**2 + 4*q - 5. Give x(b).
16
Let f(r) = -2*r - 3. Suppose -y = 2*l - 65, 2*y - 11 = -3*l + 89. Suppose l = -8*g - 26. What is f(g)?
11
Let i(h) = -h**3 - 4*h**2 + 4*h + 3. Let c(q) = -5*q - 6*q + 23*q - 4 - 4*q. Let z be c(0). Calculate i(z).
-13
Let k(u) = 2*u**2 - 1 - u**2 - u + 4*u - 2*u. Suppose 17 = 13*h - 9. Give k(h).
5
Let s = -5 - -3. Let v be (-6)/(-2) - 16/s. Let l = v - 7. Let p(g) = -g**3 + 3*g**2 + 6*g - 6. Calculate p(l).
2
Let s(a) = 5*a**3 - 18*a**2 - 14*a + 20. Let t(c) = 3*c**3 - 12*c**2 - 9*c + 13. Let w(m) = 5*s(m) - 8*t(m). Give w(-5).
11
Let t(v) be the third derivative of v**4/24 + v**3/6 + 2*v**2. Suppose 0 = -5*s + 2*j + 15, 4*s - 3*j = -2*j + 12. Give t(s).
4
Let d be 7*1/(2 - 3). Let h(r) = -2*r + 21. Let l(g) = g - 11. Let n(m) = d*l(m) - 4*h(m). Determine n(5).
-2
Suppose -5*h + 2*h = 0. Let t(d) = d + 5. Let k(s) = 9*s + 15. Let n(a) = 4*a + 7. Let g(l) = -2*k(l) + 5*n(l). Let p(v) = -2*g(v) + 3*t(v). Calculate p(h).
5
Let x(k) be the second derivative of -1/2*k**3 - 7*k - 1/4*k**4 + 1/120*k**5 + 0*k**2 + 0. Let u(v) be the second derivative of x(v). What is u(7)?
1
Let m(x) = -x**3 - x**2 + 2*x + 1. Suppose 13*j - 8*j = -10. Let i be m(j). Let u(r) = -12*r + 6. Let o(q) = 1. Let f(s) = -5*o(s) + u(s). Determine f(i).
-11
Let c be 0/(3 + -3 - 2). Let y = -1 - -2. Let u(a) = 4*a - y - 4*a + a. Calculate u(c).
-1
Let m = 24 - -7. Suppose 5*i - m + 6 = 0. Let n(a) = i - a + a - 2 - 2*a. What is n(-4)?
11
Let u(o) = 14*o + 63. Let y be u(-5). Let i(h) = -h**3 - 6*h**2 + 10*h. Determine i(y).
-21
Let y(b) = 25*b - 33*b + 2*b**2 + 7*b + 2. Determine y(-2).
12
Let q = -7 + 3. Let f(c) be the third derivative of 2*c**2 - 1/12*c**5 - 1/4*c**4 - 1/120*c**6 + 0 - 1/6*c**3 + 0*c. Calculate f(q).
7
Let b be 8 + -2 + -6 + -1. Let s(f) be the second derivative of -f**5/4 + f**3/3 + f**2/2 - 4*f. What is s(b)?
4
Let z(o) = -o**3 - 15*o**2 - o - 2. Let b(f) = -6*f**2 - 1. Let q(y) = -3*b(y) + z(y). Suppose -5*w = -4*k - 3, -3*w + 0*w - k = -12. Calculate q(w).
-2
Let s(a) = -a**3 + 9*a**2 - 11*a - 16. Let d be s(7). Let o(k) be the third derivative of -k**5/60 + k**4/6 - k**3/3 + 4*k**2. Determine o(d).
-7
Suppose -w = -2*w + 4. Suppose -9 - 7 = w*o. Let k be (o + 12 - 4) + -2. Let p(h) = -h**2 + 4*h - 3. What is p(k)?
1
Let t(n) = n**3 - 4*n**2 - 4. Let h be (2*-1)/(-4 + 2). Let d(m) = -h + 23 + 2*m - m - 4. Let o be d(-14). Determine t(o).
-4
Let o = 9 + -7. Suppose 1 = -o*l + 3*l. Let a(j) = 12*j - 8*j - 5*j + 0 + l. What is a(1)?
0
Let k(s) = s**3 + 3*s**2 - s + 2. Let l be k(-3). Let i(n) be the third derivative of n**6/120 - n**5/12 - n**4/24 + n**3/2 - 176*n**2. Calculate i(l).
-2
Let n = -112 - -113. Let s(d) = -6*d + 1. Calculate s(n).
-5
Let d(v) = -2*v - 5. Let l = -33 - -33. Suppose l = 7*k - 8*k + 5. Suppose -4*q + 9 + 4 = c, k*q = 25. Calculate d(c).
9
Suppose 3*c + o = 6, 2*c - 3*o = -2*c + 8. Let z be 2*3/(-12)*(-3 - -3). Let p(g) = -3 + 19*g - 20*g + 5 + z. Calculate p(c).
0
Let z(q) = -7*q + 3. Suppose 0 = -5*d + d + 12. Let p(k) = -3 - d*k + 5*k + 4*k. Let y(h) = -6*p(h) - 5*z(h). What is y(6)?
-3
Let d(b) = -b**3 + 2*b**2 + 4*b - 2. Let c be d(3). Let p be (0 + -3 + 5)*c. Let v(h) = -p - 5 + 3 - 1 - h. Calculate v(-4).
-1
Suppose 2*u - 14 = 8. Let w(h) be the second derivative of h**5/20 - 5*h**4/6 - 2*h**3 + 3*h**2 + 59*h + 2. Give w(u).
-5
Let x be ((-6)/(-9))/(2/(-18)). Let j(w) be the second derivative of -w**3/6 - 6*w**2 - 101*w + 5. Calculate j(x).
-6
Let i = -9 - -2. Let n(r) be the first derivative of r**3/3 + 9*r**2/2 + 1204. Determine n(i).
-14
Let z(d) = -d**2 + 6*d - 1 + 2*d**2 - 3. Let j be 35/((-2625)/480) - (-10)/25. Give z(j).
-4
Let n(s) = 22 + s - 2*s - 7 + 2*s. Let z be n(-9). Let y(a) = 0*a**2 - 7*a + 3 + a**2 + 5 + 0*a**2. Calculate y(z).
2
Let u(h) = 7*h**2 + 11*h. Let r(y) = 5*y**2 + 9*y + 1. Let a(g) = -4*r(g) + 3*u(g). Calculate a(5).
6
Let y(t) = -t**2 - 12*t - 7. Let l = -56 + 70. Suppose 4*c + c + 70 = 5*q, 2*c = -5*q - l. Determine y(c).
-7
Suppose 3*o + 17 = 44. Let n = -19 - -35. Suppose o*g = 5*g + n. Let h(k) = k**2 - k. Give h(g).
12
Let z(k) be the first derivative of k**2/2 + 215. Give z(6).
6
Let w(u) = -u**3 - 4*u**2 - 2*u + 3. Let l(s) = 5*s + 7. Let z(q) = -9*q - 13. Let t(d) = -7*l(d) - 4*z(d). Let v = -19 - -13. Let j be t(v). Give w(j).
0
Let t(q) = 5*q**2 + q + 1. Let n(h) = 14*h**2 + 4*h + 2. Let d(f) = 4*n(f) - 11*t(f). Calculate d(-4).
-7
Let y(h) = h**3 + 6*h**2 - 2*h - 2. Let a be (15/(-60))/(1/(-28)). Let t(x) = x**2 - 9*x + 8. Let q be t(a). Calculate y(q).
10
Let y be 1/(1/(0 + 24)). Suppose -3*v + 0*v + y = 0. Let z(d) = -8*d**2 + v*d**2 + 5*d**2 + d**3 - 7*d - 2. Calculate z(-6).
4
Let x = 137 + -132. Let n(q) = -43 - 3*q**2 - 5*q + x*q**2 - 3*q**2 + 47. What is n(-6)?
-2
Let x(w) = 64*w**2 - 16*w - 27. Let z(m) = 35*m**2 - 8*m - 14. Let t(b) = 6*x(b) - 11*z(b). What is t(-6)?
4
Suppose -4*r + 3*z + 6 = 0, 0 = 4*r - z + 1 - 11. Let n(g) be the second derivative of 0*g**2 + 5/6*g**r + 0 - g. Determine n(1).
5
Let p(r) = r**3 - 5*r**2 + 2*r + 3. Suppose 0 = -6*f + f + 45. Let s be 3/6 + (f/6 - -2). Give p(s).
-5
Let u(r) = 12*r + 9. Let o be u(-1). Let j(q) = 6*q + 4. Determine j(o).
-14
Let q(p) = 5*p - 5. Suppose 64*g - 95 + 31 = 0. Calculate q(g).
0
Let z(n) = 2*n**2 + 6*n - 16. Suppose -5*l + 5*p - 40 = 0, 63*l + 26 = 59*l + 2*p. Determine z(l).
4
Let u(q) = -q**2 - 5*q + 3. Suppose 0 = 15*d - 10*d + 20. Calculate u(d).
7
Let h(t) = 3*t**2 + 2*t. Suppose 13*y - 6 = 3*m + 8*y, -3*m + 4*y - 6 = 0. Give h(m).
8
Let j be (-4)/(-3)*((-16)/(-4))/80. Let b(c) be the third derivative of 0 + 5*c**2 - j*c**5 - 1/6*c**3 + 0*c - 1/24*c**4. Determine b(-1).
-4
Suppose -2*q + f - 3 = 0, -f + 3 = 8. Let l(b) = -8*b**2 - 10*b + 11. Let g(s) = 23*s**2 + 29*s - 32. Let j(a) = 6*g(a) + 17*l(a). Determine j(q).
11
Suppose 0 = 3*m - 5*t + 47, 5*m + 0*t + 33 = -3*t. Suppose 9*p - 10 + 19 = 0. Let f be -1 - p - (-45)/m. Let r(v) = -v**3 - 5*v**2 - v - 3. Determine r(f).
2
Let i(w) = w + 1. Let q(z) = -z + 1. Let b(p) = 2*i(p) - 3*q(p). Calculate b(-1).
-6
Let i(a) = 2*a**2 - 2*a - 1. Let l(f) = f**2 + 41*f + 237. Let p be l(-34). Calculate i(p).
3
Let t(g) be the third derivative of g**2 + 1/6*g**4 + 0 - 1/2*g**3 + 1/120*g**6 - 1/15*g**5 + 0*g. Let u = 1455 + -1452. What is t(u)?
0
Let d(t) be the second derivative of t**4/12 - 13*t**3/6 + 4*t**2 + 288*t. 